Let s = j + 471. What is the hundreds digit of s?
1
Let f = -18 - -23. Suppose -2*o = 2, 0*o - f*o + 443 = 4*n. What is the hundreds digit of n?
1
Let d = -2939 - -4268. What is the hundreds digit of d?
3
Let u(p) = 115*p - 8. Let b be u(2). Suppose -b = -m + 5*y, -884 = -5*m + y + 274. What is the units digit of m?
2
Suppose 5*a + 58*q - 6634 = 59*q, 0 = -5*a - 2*q + 6622. What is the tens digit of a?
2
Let y(u) = 3*u**2 + 4*u + 3. Let f(b) = -b**2 - 5*b + 8. Let m be f(-7). What is the units digit of y(m)?
7
Let r(b) = -15*b - 13. Let p(k) = 15*k + 13. Let l(q) = -3*p(q) - 2*r(q). Suppose -5 = -5*z - 25. What is the units digit of l(z)?
7
Suppose 0 = 4*t - 4*z - 52, 3*z = -t + 7 - 2. Let g(m) = m + 4. Let h be g(t). What is the units digit of 10/h - 272/(-6)?
6
Let u = -2 - -6. Let t(x) = x**3 - 3*x**2 + x + 1. Let n(q) = q**3 - 3*q**2 + q + 1. Let c(b) = 3*n(b) - 2*t(b). What is the tens digit of c(u)?
2
Suppose 3*g = y + 201, -8*y + 3*y - 3*g - 987 = 0. Let j = -135 - y. What is the units digit of j?
3
Let y be 10/4*4/5. Let c(b) = -3 + 3*b + b**2 - y*b + 14. What is the tens digit of c(0)?
1
Let p(n) be the second derivative of -n**4/12 + n**3 + 3*n**2/2 + n. Let l be p(6). Suppose 2*i + l*w - 104 = -2*i, 45 = i - 4*w. What is the units digit of i?
9
Let u(j) be the second derivative of -1/2*j**2 + 1/6*j**3 + 0 - 7*j. What is the units digit of u(8)?
7
Let h(f) = 79*f - 33*f - 35*f - 34. What is the units digit of h(19)?
5
Suppose 0 = 176*s - 111*s - 265460. What is the units digit of s?
4
Let t(y) = y**2 - 7*y + 14. Let l(j) = j**2 - 4*j + 7. Let x(n) = 5*l(n) - 3*t(n). Let h(q) be the first derivative of x(q). What is the units digit of h(2)?
9
Suppose 2*h = 2*o - 24, 4*h - 3*o + 43 + 5 = 0. Let p be (-268)/h - (-1)/(-3). Suppose p*t - 19*t - 213 = 0. What is the units digit of t?
1
Suppose 6*m = 3*m + 126. Let x = -32 + m. What is the units digit of x?
0
Suppose m - 596 = -3*w + 178, m - 756 = 3*w. What is the hundreds digit of m?
7
Let q = 249 + -387. Let x = 208 + q. What is the tens digit of x?
7
Let g = -10 + 21. Let k(y) = -3*y - 9. Let f be k(g). What is the units digit of f/((-3)/(-2) - 3)?
8
Let s(b) = -b - 4. Let f be s(-3). Let t = -41 - -37. Let w = f - t. What is the units digit of w?
3
Let l be ((-34)/10 + 3)/(3/(-6360)). Suppose 2*c - 3*h + 7*h - 432 = 0, -4*h + l = 4*c. What is the tens digit of c?
0
Let j be (-8029)/(-21) - -3 - 2/6. Suppose -j = -9*z - 2*z. What is the units digit of z?
5
Suppose -4*v = -2*w - 3838 - 1362, 3*w = 4*v - 5200. What is the tens digit of v?
0
Suppose -30*k = -31*k. Let n = k - -20. What is the units digit of n?
0
Suppose 14400 = -7*j + 19*j. What is the tens digit of j?
0
Let p be -4 - 8/(-2)*1. What is the units digit of -1 - 40/(-4 + p)?
9
Let o = -162 - -112. Let d = o - -209. What is the units digit of d?
9
Let p(t) = 4*t - 12. Let f be p(4). Suppose -5 = l, y = -f*l + 20 + 34. Let i = y - 11. What is the units digit of i?
3
Let a = 909 + -622. What is the hundreds digit of a?
2
Let k(m) = m**2 - 18*m + 35. Let h be k(14). Let d be (4/10)/((-3)/(-465)). Let p = h + d. What is the tens digit of p?
4
What is the hundreds digit of (-1)/((-1104)/7679 - (-45)/315)?
0
Suppose 99 = -3*c - 78. Let h = 109 + c. Let d = h - 22. What is the tens digit of d?
2
Let r(j) = j**3 - 5*j**2 - 3. Let h be r(5). What is the units digit of h/(-2) - (-984)/48?
2
What is the units digit of (84 + -96)*(-45)/2?
0
Suppose -m + 0*x - 52 = x, -3*m - 156 = -2*x. Let s = 173 + m. What is the tens digit of s?
2
Let h be (12/(-10))/((-32)/80). Suppose h*s - 4*s = 0. Suppose 0*n - n + 1 = s. What is the units digit of n?
1
What is the units digit of (-339)/(-226)*8126/3?
3
Suppose -4*n = -n - 3*q - 48, -3*n + 72 = 5*q. Suppose -n*p = -259 - 102. What is the tens digit of p?
1
What is the hundreds digit of 6/(-2 + -46) + (-6585)/(-8)?
8
Let x(h) = 21*h - 293. What is the hundreds digit of x(32)?
3
Suppose 12*m - 4120 - 8600 = 0. What is the tens digit of m?
6
Suppose 3*i + 3*t = 9, -i + 12 = 2*i + 4*t. Let f(y) = 2*y**2 + 5*y + 4. Let j be f(-3). Suppose i = x - j*x + 198. What is the tens digit of x?
3
Let i(l) = -45*l - 21. What is the hundreds digit of i(-12)?
5
Let a = -418 + 955. Let n = a - 362. Suppose 4*i = -4*b + 188 - 80, -3*i - n = -5*b. What is the tens digit of b?
3
Suppose 4*f = -4*g + 763 - 107, -15 = -3*f. What is the tens digit of g?
5
Let q = -12 - -14. Let g be (-1*q)/(9/(-9)). Suppose 2 + 2 = g*x. What is the units digit of x?
2
Let i = -17 - -25. What is the units digit of (22/i)/((-1)/(-8))?
2
Suppose 7*b - 304 = -94. Suppose 0 = -3*s - b + 75. What is the tens digit of s?
1
Let c = 18 - 27. Let x be ((-9)/(-2))/(c/(-192)). Suppose 5*n - 4*q - 125 = q, 3*n = -4*q + x. What is the tens digit of n?
2
Suppose -14*p + 26465 = -10047. What is the tens digit of p?
0
Let t = -62 - -12. Let m = -41 - t. What is the units digit of m?
9
Suppose 12*d = 21*d - 25344. Suppose 23*g - d = 7*g. What is the tens digit of g?
7
What is the tens digit of (-6)/(0 - -2) - 39402/(-33)?
9
Suppose 0 = -2*r + 6*n + 2096, 9*r + 2*n = 4*r + 5206. What is the thousands digit of r?
1
Let r be (2 + 19)/3 + -3. Let w be 16 + -1 + r/(-1). Suppose w + 54 = 5*y. What is the tens digit of y?
1
Let i(p) = -p + 1. Let a be i(0). Let w be 60/(-18)*(8 + a). What is the tens digit of ((-24)/15)/4*w?
1
Suppose -2*c = -5*d + 25, 2*d = -3*d - c + 25. Suppose 8*f - d*f = 30. What is the units digit of 5/f - 6/(-4)?
2
Suppose 14*n - 6 = 11*n. Let f be n/(-7) + (-8088)/(-84). Suppose 10 = -5*i - 2*j + f, 0 = -i + j + 13. What is the tens digit of i?
1
Let s(i) = -84*i**3 + 2*i**2 - i. Let d be s(1). Let u = 52 - d. What is the hundreds digit of u?
1
Let k = -14 - -62. Suppose k = -2*y + 162. What is the units digit of y?
7
Let s(i) be the first derivative of 8*i + 9/2*i**2 + 1/4*i**4 + 1 + 11/3*i**3. What is the units digit of s(-10)?
8
Let i be 6/24 - (-485)/(-20). What is the units digit of (-1521)/(-6) + i/(-16)?
5
Suppose -4*u - 96 = 2*u. Let l(i) = i**3 + 16*i**2 - 5*i + 14. What is the tens digit of l(u)?
9
Suppose -2*h + 4*h - 100 = 0. Suppose 5*w + 4*q + h = 0, w - 4*q + 1 = -3*q. What is the tens digit of (8/3)/((-1)/w)?
1
Let d(g) = 3*g + 13. Let z be d(-4). Let y(k) = 12*k**2 + k + 3*k - 2*k + 8*k**2 + z. What is the tens digit of y(-1)?
1
Suppose -11*w - 142 = -12*w. Suppose w = q - 3*s, 0 = -3*q + q + 3*s + 284. What is the units digit of q?
2
Suppose -3*k + 83 = 4*y, -k + 13 = 4*y + y. Let g = k - 27. Suppose -3 + g = 2*c - h, 2*c + 3 = -5*h. What is the units digit of c?
1
Suppose -3*r = -2220 + 576. What is the tens digit of r?
4
Suppose 0 = 2*l - 0*l - 8. Let g(o) = l*o**2 + 1 + o - 2 - 2*o - 2*o**2. What is the units digit of g(-1)?
2
Let j(y) = 79*y**2 + y + 1. Let f be j(-2). Let s = f - 146. What is the units digit of s?
9
Suppose -3*p - 5*n = -37, -p - n - 42 = -3*p. What is the tens digit of (p + -1 + 6)/(0 - -1)?
2
Let v(f) = f**2 - 12*f + 6. Let d be (-15)/(1*(-5)/5). What is the units digit of v(d)?
1
Suppose 9991 = 15*a - 3929. What is the tens digit of a?
2
What is the units digit of (-12)/2 + (2757 - (-7 + 6))?
2
Let s = -607 + 1343. What is the units digit of s?
6
Let c(v) = -v**2 + 6*v - 5. Let t be c(3). Suppose 5*j + 8 = 38. Suppose -50 = -t*r - j. What is the tens digit of r?
1
Suppose 18 = 3*w + 3*w. Suppose -w*s = -459 + 93. What is the units digit of s?
2
Let w be 3/((-12)/(-32)*-2). What is the tens digit of 1*106/w*-2?
5
Let l = -67 + 70. Suppose l*t + 22 = q - 111, -2*q - t + 287 = 0. What is the tens digit of q?
4
What is the hundreds digit of (10/(-3))/(-5) + 57040/30?
9
Let o = -253 - -274. What is the units digit of o?
1
Let c(f) = 21*f + 3. Let z be 0 - (-2 - (-4)/(-2)). Let k(h) = 11*h + 2. Let a(q) = z*c(q) - 7*k(q). What is the tens digit of a(6)?
4
Let r be (-24)/(-10) - 4/10. Let w = r - 12. Let o = 14 + w. What is the units digit of o?
4
Let z be 1/3*4*18. Let d = z + -22. Suppose -d*h + 37 = -k, 3*k + 0 = 15. What is the tens digit of h?
2
Suppose 2*y - 2 = y. Suppose 5 = o - y*o. Let g(w) = w**3 + 6*w**2 - 3*w - 12. What is the tens digit of g(o)?
2
What is the units digit of 295/118 - (-4875)/2?
0
Let d = -340 - -157. Let h = d + 294. What is the tens digit of h?
1
Suppose 12*n + 20*n =